 -2103a4 - -4c?
-210358
In base 2, what is 1000001100011001110010110 + 1?
1000001100011001110010111
In base 2, what is -11 + 10100010000011110000010?
10100010000011101111111
In base 13, what is -4 + -2976280?
-2976284
In base 4, what is 10 + 1301012232233?
1301012232303
In base 14, what is -23c2 + -16733?
-18b15
In base 4, what is -2120012301 + 2222?
-2120010013
In base 7, what is 4 + 30451242?
30451246
In base 5, what is -430421 + 1002?
-424414
In base 8, what is 215060 + -525?
214333
In base 11, what is -5 + 4a17a7?
4a17a2
In base 14, what is 3c + -1a5b?
-1a1d
In base 14, what is d61 - -2652?
35b3
In base 5, what is -32040 + -414324?
-1001414
In base 8, what is 6 - -32631556?
32631564
In base 11, what is -32032 - -44?
-31a99
In base 5, what is 2043134330 - -10?
2043134340
In base 15, what is 13196 - -2034?
151ca
In base 6, what is 1424111 + 532?
1425043
In base 8, what is -47023 + 1043?
-45760
In base 11, what is -4 - 2516363?
-2516367
In base 11, what is 3436 + -14084?
-10749
In base 11, what is -68519 + -78?
-68596
In base 12, what is 1 - 681b4b?
-681b4a
In base 4, what is 122 + -123223332?
-123223210
In base 4, what is 113 + -210230122?
-210230003
In base 15, what is -21374ee - -4?
-21374ea
In base 2, what is -1011 + -10101110011100010111010100?
-10101110011100010111011111
In base 16, what is 0 - 271c24?
-271c24
In base 14, what is -c78 + a965?
9acb
In base 7, what is 445646135 + 1?
445646136
In base 5, what is 0 + -2212013242?
-2212013242
In base 12, what is -1a026 - -8829?
-113b9
In base 3, what is -1002121000200 + 121?
-1002121000002
In base 14, what is 1 - 50023?
-50022
In base 2, what is -10011100011100 - 10110010?
-10011111001110
In base 3, what is 2 + 12001112221012?
12001112221021
In base 14, what is 5 - -12add59?
12add60
In base 16, what is 4a96d + -12?
4a95b
In base 12, what is 2366a - 438?
23232
In base 13, what is -91a - -6391?
5774
In base 12, what is -1593 + 67?
-1528
In base 12, what is -57a164b62 - -4?
-57a164b5a
In base 5, what is -10204342 - 4422?
-10214314
In base 11, what is -895 + -30a69?
-31853
In base 8, what is -1720 - -4000?
2060
In base 3, what is -100011010212201 + 1100?
-100011010211101
In base 11, what is 7 + -9585470?
-9585464
In base 7, what is 3405261 - -50?
3405341
In base 8, what is 354624 - -11?
354635
In base 2, what is 1111000110110111 + 1111101?
1111001000110100
In base 10, what is -494 + -640212?
-640706
In base 8, what is -6735 - 42535?
-51472
In base 14, what is -42027459 + 3?
-42027456
In base 16, what is 1 + -6c4a5?
-6c4a4
In base 4, what is 13 - -202120103?
202120122
In base 16, what is -d - 4a84?
-4a91
In base 4, what is 0 + 113233020000011?
113233020000011
In base 6, what is -22540111 + -111?
-22540222
In base 5, what is 0 + 24234112422?
24234112422
In base 2, what is -101110001000 - -1101100100?
-100000100100
In base 6, what is 55410 - 3524?
51442
In base 11, what is -990578 - -6?
-990572
In base 4, what is 30131 + 1312230?
2003021
In base 14, what is 183 - 750d?
-736a
In base 13, what is 254a1 + -700?
24aa1
In base 8, what is 46005243 - 27?
46005214
In base 8, what is -3 + 1626307?
1626304
In base 11, what is 87 + -21255?
-21179
In base 8, what is 2111 + 46251?
50362
In base 10, what is 4232374 - 5?
4232369
In base 12, what is -4 - 14066a5?
-14066a9
In base 7, what is -202430123 + 2?
-202430121
In base 5, what is -1422113 + -343?
-1423011
In base 12, what is -6b2117 + -2?
-6b2119
In base 15, what is bb - -1d146?
1d212
In base 10, what is -1254685 - 25?
-1254710
In base 12, what is -725b5 - -2b06?
-6b6ab
In base 9, what is 2 + -27715247?
-27715245
In base 2, what is -10000011010110000011001111 + -10100?
-10000011010110000011100011
In base 4, what is -12330003132310 + 1?
-12330003132303
In base 7, what is 230343333 + -3?
230343330
In base 14, what is -1d2675b1 - -1?
-1d2675b0
In base 16, what is -49 - -cc91?
cc48
In base 4, what is 310202023010 + 10?
310202023020
In base 9, what is 23158 - 4372?
17676
In base 11, what is -2 - -13747a03?
13747a01
In base 9, what is 654780 + -4?
654775
In base 15, what is 0 + -4ae27b?
-4ae27b
In base 12, what is -1b32257 - 2?
-1b32259
In base 3, what is 1202 + 122102010211202?
122102010220111
In base 4, what is 10210 + 32323312?
33000122
In base 4, what is 3 - 323332323222?
-323332323213
In base 16, what is -5 - 35b2726?
-35b272b
In base 16, what is -74 + -57ce?
-5842
In base 9, what is -5224520 - 7?
-5224527
In base 15, what is -1 + 9ee81e?
9ee81d
In base 14, what is 4 - 946527?
-946523
In base 9, what is 2 - 1336737?
-1336735
In base 7, what is -2460141 - -13316?
-2443522
In base 14, what is 1a842 + -c?
1a834
In base 12, what is a - 1aa8260?
-1aa8252
In base 3, what is -10 + -111212111002001?
-111212111002011
In base 12, what is 599a + -7b44?
-2166
In base 16, what is -65 + -54ba60?
-54bac5
In base 6, what is -344515024 - 322?
-344515350
In base 3, what is -11020 + 2002010000?
2001221210
In base 15, what is -9 + 117155b?
1171552
In base 9, what is 2 + 71430021?
71430023
In base 3, what is -22102200 + 10020002?
-12012121
In base 5, what is -102020342 - -4?
-102020333
In base 13, what is -1c + -107b5a?
-107b79
In base 16, what is 0 - 78fcf?
-78fcf
In base 4, what is -302112 - -233?
-301213
In base 15, what is 7 - -549e3a?
549e42
In base 10, what is -8 + -9234046?
-9234054
In base 3, what is 120002202011 + -210?
120002201101
In base 15, what is -24 - -4eebe?
4ee9a
In base 15, what is -b62aa25 - 3?
-b62aa28
In base 15, what is 2a + 273cd2e?
273cd59
In base 15, what is 267de44 - 1?
267de43
In base 10, what is 932 - -280?
1212
In base 3, what is 11001001221000 - 2201?
11001001211022
In base 7, what is 534355 + -11?
534344
In base 2, what is 101000110011010 - -1001110000?
101010000001010
In base 3, what is -11200 + 1001221222?
1001210022
In base 11, what is 5a9341a + -7?
5a93413
In base 10, what is 37259 - 3?
37256
In base 14, what is -14d - 12b0d?
-12c5c
In base 9, what is -352 + -6667?
-7130
In base 6, what is -4044355053 + -3?
-4044355100
In base 6, what is -211352051 - -4?
-211352043
In base 10, what is 2188469 - 5?
2188464
In base 15, what is -1acae - -48c?
-1a822
In base 10, what is 18301882 - -5?
18301887
In base 12, what is 81b8 - -326?
8522
In base 14, what is -11ab02 + -3?
-11ab05
In base 3, what is -122112202 - -10121212?
-111220220
In base 13, what is 4 + -961c05?
-961c01
In base 8, what is 211024 - -536?
211562
In base 2, what is -10010001110110100101101 - 101?
-10010001110110100110010
In base 12, what is -a - -ba3487?
ba3479
In base 10, what is -169804 - 376?
-170180
In base 5, what is -2304431 - 1124?
-2311110
In base 4, what is -110000030111 - 101?
-110000030212
In base 3, what is 1010 - -11001201101?
11001202111
In base 13, what is 453 + a527?
a97a
In base 16, what is 1c6d830 + 3?
1c6d833
In base 4, what is 1223 - -1302003302?
1302011131
In base 6, what is -3003 + -52421?
-55424
In base 8, what is 752745 - 122?
752623
In base 5, what is 3440243 + -110340?
3324403
In base 11, what is 706293 + 22a?
706512
In base 6, what is 15103 + 1215410?
1234513
In base 16, what is -174 + -15d9?
-174d
In base 16, what is 5 + d81802b?
d818030
In base 11, what is 6 - -526813a?
5268145
In base 5, what is -133011140201 - 1?
-133011140202
In base 12, what is -349495 + 3bb?
-349096
In base 11, what is 874a856 - -3?
874a859
In base 15, what is 13a - 116a?
-1030
In base 5, what is -213100224 - 4433?
-213110212
In base 4, what is -3332 - -203031302?
203021310
In base 8, what is -310140623 - -5?
-310140616
In base 11, what is -341594a - 13?
-3415962
In base 10, what is 0 + 7713002?
7713002
In base 11, what is 84a58 + -787?
84281
In base 6, what is 3154 - 154421?
-151223
In base 11, what is -217a68261 - 2?
-217a68263
In base 13, what is -5c + 9a53b?
9a4ac
In base 10, what is -59 + 8776?
8717
In base 16, what is -aea55f5 - 8?
-aea55fd
In base 4, what is -1 + 11033122103?
11033122102
In base 9, what is -7 + -35018713?
-35018721
In base 12, what is -16782b + 3?
-167828
In base 4, what is -21 - -1102222030?
1102222003
In base 6, what is -55 + 151320323?
151320224
In base 10, what is -40536 + -12?
-40548
In base 10, what is 84 + 900015?
900099
In base 15, what is 3 - -7c58445?
7c58448
In base 8, what is 3 + -4201346?
-4201343
In base 8, what is -126 - 371614?
-371742
In base 1